{"id":23,"date":"2021-07-28T14:07:09","date_gmt":"2021-07-28T14:07:09","guid":{"rendered":"https:\/\/nagykanizsa.reformatus.hu\/?page_id=23"},"modified":"2026-03-05T12:22:45","modified_gmt":"2026-03-05T12:22:45","slug":"alkalmaink","status":"publish","type":"page","link":"https:\/\/nagykanizsa.reformatus.hu\/?page_id=23","title":{"rendered":"Alkalmaink"},"content":{"rendered":"\n<style type=\"text\/css\" data-created_by=\"avia_inline_auto\" id=\"style-css-av-kspx7ccq-f7b2e5bef5db348df25f85419bd7d61e\">\n#top .av-special-heading.av-kspx7ccq-f7b2e5bef5db348df25f85419bd7d61e{\npadding-bottom:10px;\n}\n<\/style>\n<div  class='av-special-heading av-kspx7ccq-f7b2e5bef5db348df25f85419bd7d61e av-special-heading-h2  avia-builder-el-0  el_before_av_hr  avia-builder-el-first  '><h2 class='av-special-heading-tag '  itemprop=\"headline\"  >Alkalmaink<\/h2><div class='special-heading-border'><div class='special-heading-inner-border'><\/div><\/div><\/div>\n\n<style type=\"text\/css\" data-created_by=\"avia_inline_auto\" id=\"style-css-av-kspx7j0x-5f944747e06c9b98e5994214e47adf49\">\n#top .hr.hr-invisible.av-kspx7j0x-5f944747e06c9b98e5994214e47adf49{\nheight:25px;\n}\n<\/style>\n<div  class='hr av-kspx7j0x-5f944747e06c9b98e5994214e47adf49 hr-invisible  avia-builder-el-1  el_after_av_heading  el_before_av_timeline  '><span class='hr-inner '><span class=\"hr-inner-style\"><\/span><\/span><\/div>\n<div  id=\"avia-timeline-1\"  class='avia-timeline-container    avia-builder-el-2  el_after_av_hr  el_before_av_hr ' ><ul class='avia-timeline avia-timeline-vertical av-milestone-placement-alternate avia-timeline- avia_animate_when_almost_visible avia-timeline-animate'>\n<li  class='av-milestone av-animated-generic fade-in av-milestone-odd  av-milestone-valign-baseline '><h2 class='av-milestone-date  ' style='color:#383838; ' id='milestone-istentiszteletek'><strong>Istentiszteletek<span class='av-milestone-indicator'><\/span><\/strong><\/h2><div class=\"av-milestone-icon-wrap\"><span class='milestone_icon milestone-icon-hasborder' ><span class='milestone_inner' style='background-image:url(https:\/\/nagykanizsa.reformatus.hu\/wp-content\/uploads\/2021\/08\/kalvin_ter_6m.jpg); '>&nbsp;<\/span><\/span><\/div><article class='av-milestone-content-wrap'><div class='av-milestone-contentbox' ><div class='av-milestone-content' ><p>Nagykanizs\u00e1n vas\u00e1rnap 10:00 minden vas\u00e1rnap \u2013 reform\u00e1tus templom. (Nagykanizsa, K\u00e1lvin t\u00e9r 1.)<\/p>\n<p>Az istentisztelettel p\u00e1rhuzamosan gyermek foglalkoz\u00e1st tartunk.<\/p>\n<p>Leteny\u00e9n, Murar\u00e1tk\u00e1n el\u0151re egyeztett id\u0151ponban tartunk istentiszteleteket havonta egyszer.<\/p>\n<\/div><\/div><footer  class='entry-footer'><\/footer><\/article><\/li>\n<li  class='av-milestone av-animated-generic fade-in av-milestone-even  av-milestone-valign-baseline '><h2 class='av-milestone-date  ' style='color:#383838; ' id='milestone-bibliaora'><strong>Biblia\u00f3ra<span class='av-milestone-indicator'><\/span><\/strong><\/h2><article class='av-milestone-content-wrap'><div class='av-milestone-contentbox' ><div class='av-milestone-content' ><p>Nagykanizs\u00e1n cs\u00fct\u00f6rt\u00f6k\u00f6n d\u00e9lut\u00e1n 18 \u00f3r\u00e1t\u00f3l<\/p>\n<\/div><\/div><footer  class='entry-footer'><\/footer><\/article><div class=\"av-milestone-icon-wrap\"><span class='milestone_icon milestone-icon-hasborder' ><span class='milestone_inner' style='background-image:url(https:\/\/nagykanizsa.reformatus.hu\/wp-content\/uploads\/2021\/08\/bibliaora.jpg); '>&nbsp;<\/span><\/span><\/div><h2 class='av-milestone-date  ' style='color:#383838; ' id='milestone-bibliaora'><strong>Biblia\u00f3ra<span class='av-milestone-indicator'><\/span><\/strong><\/h2><\/li>\n<li  class='av-milestone av-animated-generic fade-in av-milestone-odd  av-milestone-valign-baseline '><h2 class='av-milestone-date  ' style='color:#383838; ' id='milestone-hittanora'><strong>Hittan\u00f3ra<span class='av-milestone-indicator'><\/span><\/strong><\/h2><div class=\"av-milestone-icon-wrap\"><span class='milestone_icon milestone-icon-hasborder' ><span class='milestone_inner' style='background-image:url(https:\/\/nagykanizsa.reformatus.hu\/wp-content\/uploads\/2021\/08\/szeretehid-zaro.2-1024x768-1.jpg); '>&nbsp;<\/span><\/span><\/div><article class='av-milestone-content-wrap'><div class='av-milestone-contentbox' ><div class='av-milestone-content' ><p>Nagykanizs\u00e1n az iskol\u00e1ban \u00e9s \u00d3vod\u00e1kban (a Rozgonyi \u00e9s a R\u00f3zsa \u00f3vod\u00e1ban)<\/p>\n<p>Leteny\u00e9n az iskol\u00e1ban<\/p>\n<p>Gels\u00e9n azs iskol\u00e1ban<\/p>\n<\/div><\/div><footer  class='entry-footer'><\/footer><\/article><\/li>\n<li  class='av-milestone av-animated-generic fade-in av-milestone-even  av-milestone-valign-baseline '><h2 class='av-milestone-date  ' style='color:#383838; ' id='milestone-konfirmacioi-elokeszito'><strong>Konfirm\u00e1ci\u00f3i el\u0151k\u00e9sz\u00edt\u0151<span class='av-milestone-indicator'><\/span><\/strong><\/h2><article class='av-milestone-content-wrap'><div class='av-milestone-contentbox' ><div class='av-milestone-content' ><p>Nagykanizs\u00e1n p\u00e9nteken<\/p>\n<\/div><\/div><footer  class='entry-footer'><\/footer><\/article><div class=\"av-milestone-icon-wrap\"><span class='milestone_icon milestone-icon-hasborder' ><span class='milestone_inner' style='background-image:url(https:\/\/nagykanizsa.reformatus.hu\/wp-content\/uploads\/2021\/08\/kanizsa_3-1024x768-1.jpg); '>&nbsp;<\/span><\/span><\/div><h2 class='av-milestone-date  ' style='color:#383838; ' id='milestone-konfirmacioi-elokeszito'><strong>Konfirm\u00e1ci\u00f3i el\u0151k\u00e9sz\u00edt\u0151<span class='av-milestone-indicator'><\/span><\/strong><\/h2><\/li>\n<li  class='av-milestone av-animated-generic fade-in av-milestone-odd  av-milestone-valign-baseline '><h2 class='av-milestone-date  ' style='color:#383838; ' id='milestone-ifjusagi-alkalom'><strong>Ifj\u00fas\u00e1gi alkalom<span class='av-milestone-indicator'><\/span><\/strong><\/h2><div class=\"av-milestone-icon-wrap\"><span class='milestone_icon milestone-icon-hasborder' ><span class='milestone_inner' style='background-image:url(https:\/\/nagykanizsa.reformatus.hu\/wp-content\/uploads\/2021\/08\/hittan.jpg); '>&nbsp;<\/span><\/span><\/div><article class='av-milestone-content-wrap'><div class='av-milestone-contentbox' ><div class='av-milestone-content' ><p>Nagykanizs\u00e1n p\u00e9nteken 16:30 -t\u00f3l<\/p>\n<\/div><\/div><footer  class='entry-footer'><\/footer><\/article><\/li>\n<\/ul><\/div>\n\n<style type=\"text\/css\" data-created_by=\"avia_inline_auto\" id=\"style-css-av-kspxm9fc-1c356f59dc2fb4dc9d663f31cea5457c\">\n#top .hr.hr-invisible.av-kspxm9fc-1c356f59dc2fb4dc9d663f31cea5457c{\nheight:50px;\n}\n<\/style>\n<div  class='hr av-kspxm9fc-1c356f59dc2fb4dc9d663f31cea5457c hr-invisible  avia-builder-el-3  el_after_av_timeline  el_before_av_social_share  '><span class='hr-inner '><span class=\"hr-inner-style\"><\/span><\/span><\/div>\n<div  class='av-social-sharing-box av-social-sharing-box-default   avia-builder-el-4  el_after_av_hr  avia-builder-el-last  av-social-sharing-box-fullwidth '><div class=\"av-share-box\"><h5 class='av-share-link-description av-no-toc '>Megoszt\u00e1s<\/h5><ul class=\"av-share-box-list noLightbox\"><li class='av-share-link av-social-link-facebook' ><a target=\"_blank\" aria-label=\"Megoszt\u00e1s Facebook\" href='https:\/\/www.facebook.com\/sharer.php?u=https:\/\/nagykanizsa.reformatus.hu\/?page_id=23&#038;t=Alkalmaink' aria-hidden='false' data-av_icon='\ue8f3' data-av_iconfont='entypo-fontello' title='' data-avia-related-tooltip='Megoszt\u00e1s Facebook' rel=\"noopener\"><span class='avia_hidden_link_text'>Megoszt\u00e1s Facebook<\/span><\/a><\/li><li class='av-share-link av-social-link-twitter' ><a target=\"_blank\" aria-label=\"Megoszt\u00e1s Twitter\" href='https:\/\/twitter.com\/share?text=Alkalmaink&#038;url=https:\/\/nagykanizsa.reformatus.hu\/?p=23' aria-hidden='false' data-av_icon='\ue8f1' data-av_iconfont='entypo-fontello' title='' data-avia-related-tooltip='Megoszt\u00e1s Twitter' rel=\"noopener\"><span class='avia_hidden_link_text'>Megoszt\u00e1s Twitter<\/span><\/a><\/li><li class='av-share-link av-social-link-whatsapp' ><a target=\"_blank\" aria-label=\"Share on WhatsApp\" href='https:\/\/api.whatsapp.com\/send?text=https:\/\/nagykanizsa.reformatus.hu\/?page_id=23' aria-hidden='false' data-av_icon='\uf232' data-av_iconfont='entypo-fontello' title='' data-avia-related-tooltip='Share on WhatsApp' rel=\"noopener\"><span class='avia_hidden_link_text'>Share on WhatsApp<\/span><\/a><\/li><li class='av-share-link av-social-link-linkedin' ><a target=\"_blank\" aria-label=\"Megoszt\u00e1s LinkedIn\" href='https:\/\/linkedin.com\/shareArticle?mini=true&#038;title=Alkalmaink&#038;url=https:\/\/nagykanizsa.reformatus.hu\/?page_id=23' aria-hidden='false' data-av_icon='\ue8fc' data-av_iconfont='entypo-fontello' title='' data-avia-related-tooltip='Megoszt\u00e1s LinkedIn' rel=\"noopener\"><span class='avia_hidden_link_text'>Megoszt\u00e1s LinkedIn<\/span><\/a><\/li><li class='av-share-link av-social-link-mail' ><a  aria-label=\"Megoszt\u00e1s emailben\" href='mailto:?subject=Alkalmaink&#038;body=https:\/\/nagykanizsa.reformatus.hu\/?page_id=23' aria-hidden='false' data-av_icon='\ue805' data-av_iconfont='entypo-fontello' title='' data-avia-related-tooltip='Megoszt\u00e1s emailben'><span class='avia_hidden_link_text'>Megoszt\u00e1s emailben<\/span><\/a><\/li><\/ul><\/div><\/div>\n","protected":false},"excerpt":{"rendered":"","protected":false},"author":1,"featured_media":0,"parent":0,"menu_order":4,"comment_status":"closed","ping_status":"closed","template":"","meta":{"footnotes":""},"class_list":["post-23","page","type-page","status-publish","hentry"],"_links":{"self":[{"href":"https:\/\/nagykanizsa.reformatus.hu\/index.php?rest_route=\/wp\/v2\/pages\/23","targetHints":{"allow":["GET"]}}],"collection":[{"href":"https:\/\/nagykanizsa.reformatus.hu\/index.php?rest_route=\/wp\/v2\/pages"}],"about":[{"href":"https:\/\/nagykanizsa.reformatus.hu\/index.php?rest_route=\/wp\/v2\/types\/page"}],"author":[{"embeddable":true,"href":"https:\/\/nagykanizsa.reformatus.hu\/index.php?rest_route=\/wp\/v2\/users\/1"}],"replies":[{"embeddable":true,"href":"https:\/\/nagykanizsa.reformatus.hu\/index.php?rest_route=%2Fwp%2Fv2%2Fcomments&post=23"}],"version-history":[{"count":12,"href":"https:\/\/nagykanizsa.reformatus.hu\/index.php?rest_route=\/wp\/v2\/pages\/23\/revisions"}],"predecessor-version":[{"id":309,"href":"https:\/\/nagykanizsa.reformatus.hu\/index.php?rest_route=\/wp\/v2\/pages\/23\/revisions\/309"}],"wp:attachment":[{"href":"https:\/\/nagykanizsa.reformatus.hu\/index.php?rest_route=%2Fwp%2Fv2%2Fmedia&parent=23"}],"curies":[{"name":"wp","href":"https:\/\/api.w.org\/{rel}","templated":true}]}}